117 + -75. Suppose -z = -y - 52. What are the prime factors of z?
2, 47
Suppose 5*a - 14 = 1. Suppose -s = a*s - 224. List the prime factors of s.
2, 7
Let l = 18 - 28. Let i(p) = -p**2 - 9*p + 13. Let g be i(l). Suppose 0 = -0*z + g*z - 105. List the prime factors of z.
5, 7
Suppose -4*m + 16 = -0*m + d, -2*m + d + 2 = 0. Let s(j) = j**2 - 5*j + 4. Let p be s(m). List the prime factors of 56/(-35)*5/p.
2
Let n = 2 + -5. Let h be n*(-2)/(-8)*4. Let r = h - -12. List the prime factors of r.
3
Let k be -4*(-3 - 145/20). Suppose 2*i = 77 + k. List the prime factors of i.
59
Let y(c) = -362*c. What are the prime factors of y(-1)?
2, 181
Suppose 5*y = 10, -2*y - 198 = -4*v - y. Let q = v + 47. Let u = -51 + q. List the prime factors of u.
2, 23
Let s(y) = 19*y + 66. List the prime factors of s(2).
2, 13
Let d(p) = -18*p**3 + p**2 - 2. Let t be d(1). Let o = 98 + t. List the prime factors of o.
79
Let r be (36/(-15))/(2/10). List the prime factors of 63 - (8/r*3)/2.
2
Suppose 1427*t - 1433*t + 29304 = 0. List the prime factors of t.
2, 3, 11, 37
Suppose 79*d - 83*d + 4404 = 0. List the prime factors of d.
3, 367
Suppose -17*i = -26*i + 7605. What are the prime factors of i?
5, 13
Let b(s) = -4*s - 12. Let z(x) = -4*x**2 - x. Let i be z(-2). What are the prime factors of b(i)?
2, 11
Let c = -883 + 2081. What are the prime factors of c?
2, 599
Let l be (-1)/(14/(-24))*(-56)/(-16). Let c(w) be the first derivative of w**4/4 - 5*w**3/3 - 2*w**2 - 6*w - 1. List the prime factors of c(l).
2, 3
What are the prime factors of (-1422 + -8 + 3)/(3 + -4)?
1427
Let z = 21 + -18. Suppose 0 = z*i - 36 - 51. Let a = 13 + i. What are the prime factors of a?
2, 3, 7
Let x(y) = -8 - 3 - 3 + 11*y + 16. Let l be x(-5). Let s = l + 81. What are the prime factors of s?
2, 7
Let s(g) be the second derivative of g**5/20 + 7*g**4/12 + g**3 - 5*g. Let d be s(-6). Suppose d = -i + 27 - 3. What are the prime factors of i?
2, 3
Let z = 137 - -6. What are the prime factors of z?
11, 13
Let z(y) = y**2 + 10*y - 7. Let l be z(-11). Suppose l*a = -0*a + 64. Suppose -26 = -3*d - x, 4*d + 2*x = 2*d + a. What are the prime factors of d?
3
Suppose 15*o - 3168 = -3*o. List the prime factors of o.
2, 11
Let w be -3 + (0 - (0 - 1))*-3. List the prime factors of (-11)/(231/w) - (-2628)/14.
2, 47
Let n = 98 + 396. Let s = n + -334. What are the prime factors of s?
2, 5
Let z be 4/(-3)*534/(-4). Let j = -111 + z. List the prime factors of j.
67
Let j(k) = -k + 9. Let d be j(7). Let x = -16 - -16. Suppose 5*i - 3*p = 9 + 156, x = d*i + 3*p - 87. List the prime factors of i.
2, 3
Suppose 4*o - 29 = -1. Let t = o + -17. What are the prime factors of (-474)/(-30) - 2/t?
2
Suppose 7*q = 3*q - 128. Let b = 55 + q. List the prime factors of b.
23
Let s(i) = -56*i + 86. What are the prime factors of s(-69)?
2, 5, 79
Let q(w) = w**3 + 6*w**2 + 5. Let g be q(-6). Let l be 22/(-209) - 291/(-57). Suppose -l*b + v = -0*b - 190, -v - g = 0. List the prime factors of b.
37
Suppose u - 3*a - 127 = 0, -6*u + u = -3*a - 647. Suppose 65 = 3*z - u. List the prime factors of z.
5, 13
Suppose u - 21 = 5. Suppose 4*p + p = -2*r + u, -3*p = -2*r - 6. Suppose -32 + 4 = -p*b. What are the prime factors of b?
7
Suppose -24*p + 2290 = -7022. What are the prime factors of p?
2, 97
Suppose -8*b + 4394 = -1470. What are the prime factors of b?
733
Suppose -t + 9 = -3. Let o(i) = i**2 + 5*i - 9. Let d be o(-7). Suppose -h + d = -t. List the prime factors of h.
17
Let n(z) = 5*z - 6. Let u be n(2). List the prime factors of (-2 - (-130)/u)*(4 + -2).
61
Let a be (-4)/(-5) + (-42)/15 + 1. What are the prime factors of -11 - -10 - (a - 49)?
7
What are the prime factors of ((-32)/2)/(72/(-13464))?
2, 11, 17
Suppose 2*j - 112 - 54 = -4*l, 3*l = -4*j + 112. Let o be (0/(-1))/(-16 + 15). Suppose 4*d = -3*i + 7*i - l, 3*i + 5*d - 49 = o. List the prime factors of i.
13
Suppose 2*r + 2*r = s + 5, -49 = 5*s + 4*r. Suppose 5*h = 4*h - 3*x + 49, h + x - 47 = 0. List the prime factors of h/3*s/(-3).
2, 23
Suppose 1560 = 3*o - 4*b - 923, -o + 827 = -b. What are the prime factors of o?
3, 5, 11
Let u = -31 + 33. Suppose -3*n + u = 3*a - 4, 0 = -3*a + 2*n + 6. Suppose 5*v = a*i + 349, i = 3*v - 3*i - 201. What are the prime factors of v?
71
Let h = 35 - 27. Let g(q) = -q**3 - q**2 - q + 1. Let b(w) = -2*w**3 + 7*w**2 + w - 11. Let i(o) = b(o) - g(o). What are the prime factors of i(h)?
2
Let b = 696 + -232. List the prime factors of b.
2, 29
Let g(a) = -a**2 + 2*a + 13. Let c be g(4). Suppose -c*q = -319 - 76. What are the prime factors of q?
79
Suppose 5*u - 10*u = -2165. What are the prime factors of u?
433
Let k = 7776 - 4945. List the prime factors of k.
19, 149
Let u(h) = h**3 + 7*h**2 + 11*h - 7. Let w be u(-9). What are the prime factors of w/(-6)*21/14?
67
Let v = -61 - -53. List the prime factors of 0*2/v - (1 + -80).
79
Suppose 0 = -x + 2*x + 33. Let p = 9 - 76. Let h = x - p. What are the prime factors of h?
2, 17
Suppose 0 = 7*y - 2*y - 25, 0 = -2*p + y - 45. Suppose -2*n - 2*z - 1 = 3, 0 = -z + 1. What are the prime factors of 14/(52/p - n)?
5, 7
Let h(o) = -84*o**3 - 6*o**2 - 11*o - 12. List the prime factors of h(-3).
3, 5, 149
Let w(t) = t**2 - 2*t - 5. Let z be w(4). Suppose -3*l + 2*n - 17 = 0, -z*l = -3*n + 17 + 1. Let r = l + 35. What are the prime factors of r?
2, 3, 5
Suppose 0 = 3*q - q + 2*s - 8, 4 = 5*q - 3*s. Let k be (80/50)/(q/5). Suppose 51 = k*h + 5*j + 5, -3*h = -j - 44. What are the prime factors of h?
2, 7
Suppose -m + 5*s + 17 = 0, m + 5*s = 6*m - 5. What are the prime factors of 3*2/m - -1*36?
2, 17
Suppose 3*f + 1381 = 4693. What are the prime factors of f?
2, 3, 23
Let s(r) = -2*r + 174. Let v = -20 + 20. List the prime factors of s(v).
2, 3, 29
Let c = -5 - -5. Suppose c*p = 4*p - 20. List the prime factors of 366/15 - (-3)/p.
5
Suppose -m - 2*d - 3 = 2*d, 5*m - d = 6. Let s(x) = x**3 - 2*x**2 + x - 1. Let j be s(m). What are the prime factors of j/(1/((-26)/2))?
13
Let q(j) = j + 6*j - j**3 - 3*j. Let w be q(-3). Suppose w*p - 11*p = 52. What are the prime factors of p?
13
Let u(i) = i**3 + i + 17. Let w be 0/(2/(-6)*3). Let l be u(w). Let y(k) = k**2 - 14*k + 3. What are the prime factors of y(l)?
2, 3
Suppose 2*q - 28 = -8. Suppose 0 = -2*o + 3*g + 9, 3*g - 17 = -o + q. Let s = 48 - o. What are the prime factors of s?
2, 3
Let q(y) = y**2 - 16*y + 8. Let d be q(15). Let a(h) = 2*h**2 + 8*h - 2. List the prime factors of a(d).
2, 5
Suppose -2 = -3*g - 20. Let p be 3/(0 - g/4). List the prime factors of (-2)/p*(-23 - -4).
19
Suppose 5*g - 3*p = -639, 3*g - g = -3*p - 243. What are the prime factors of g/(-12)*(-1 - -3)?
3, 7
List the prime factors of (-192)/144 - 7810/(-3).
2, 1301
Let d(s) = s**3 + 12*s**2 + 22*s + 12. Let w be (6*(-1)/2)/(1/3). What are the prime factors of d(w)?
3, 19
Suppose -2*d = -4*f + 302, 4*f + 0*d = -3*d + 287. Let a = 117 - f. What are the prime factors of a?
43
Suppose -4*f + u = -4*u + 2, f - 12 = -5*u. Let m(k) = 19*k**3 + 6. What are the prime factors of m(f)?
2, 79
List the prime factors of 11*-8*(-4 - (-6)/2).
2, 11
Let g(a) = -2*a**2 - 15*a + 10. Let u be g(-8). Suppose -250 = -7*j + u*j. List the prime factors of j.
2, 5
Let i(g) = 4*g**3 - g**2 + g - 1. Let t be i(1). Suppose k = t*k. Suppose k*y + y - 110 = -5*z, 2*z - 21 = -5*y. List the prime factors of z.
23
Let m(n) = -4 - 11*n + 6*n**2 + 3*n**2 + 4 + n**3 + 7. List the prime factors of m(-9).
2, 53
Let h(l) be the second derivative of l**5/60 - l**4/12 - l**3/6 - 7*l**2/2 + 8*l. Let n(a) be the first derivative of h(a). What are the prime factors of n(3)?
2
Suppose 0 = -363*w + 364*w - 528. List the prime factors of w.
2, 3, 11
Let s(r) = r**3 + r**2. Let f(d) = d**2 + 2*d - 1. Let x(a) = f(a) - 2*s(a). Suppose -3*l = 3 + 3. List the prime factors of x(l).
7
Let a(r) = -486*r**3 + r**2 + 2*r + 1. List the prime factors of a(-1).
2, 3
Let w(j) = j**3 + j**2 + j - 1. Let r be 48/(-15) + 2/10. Let k(a) = -a**3 + a**2 + 6*a - 1. Let y(f) = r*w(f) + k(f). What are the prime factors of y(-2)?
2, 5
Suppose 0 = o + 3*o - 3*m - 11231, -3*o + 8426 = -5*m. List the prime factors of o.
7, 401
Suppose -17 = 4*z - 109. Suppose 21 = -4*o - z. Let l = -9 - o. List the prime factors of l.
2
Suppose -h - 4*h = 45. Let l(x)